t a be c(16). Suppose a*b - 2222 = -9*b. What is the hundreds digit of b?
1
Let j(f) be the third derivative of -f**6/60 + 2*f**5/15 + 2*f**4/3 + 61*f**3/6 + 62*f**2. What is the hundreds digit of j(-6)?
6
Let d(i) = 616*i - 5 - 55 - 547*i. What is the tens digit of d(10)?
3
Let o(p) = 226*p**2 + 53*p + 293. What is the thousands digit of o(-5)?
5
Let v = -60 + 65. Let i(t) = t**2 - 2*t - 15. Let b be i(v). Suppose 2*m = -4*z - b*m + 162, 5*z - 198 = -4*m. What is the units digit of z?
2
Let x(j) = -12 - 3 + 1 + 0 - j. Let n be x(-19). Suppose 208 = 4*r - 0*u + 4*u, u = -n*r + 264. What is the tens digit of r?
5
Suppose -4*g + 16*g + 234892 = 40*g. What is the units digit of g?
9
Suppose 0 = 5*z + 25, -z = 4*q - 0*q + 1. Let o(l) = 6*l + 57*l + 61*l. What is the tens digit of o(q)?
2
Suppose -5*v = 3*b - 10409, 4*b - 8332 = -10*v + 6*v. Suppose 2*y + 2*t - v = 0, 3*y - 5*t = -0*t + 3112. What is the tens digit of y?
3
What is the thousands digit of (15 + 14/7)*991 + 0?
6
Suppose 5*l = 3*l + 6. Suppose -5*g + 20 = 0, -6*m + 7*m + 16 = l*g. What is the units digit of 0 - ((2 + m)*-1 - 89)?
7
Suppose 17*g - 12*g - 20 = 0. Let l be 16/g + (3 - (-4 - -7)). Suppose -l*k + 5*f = -828, -2*k + 5*k = 2*f + 614. What is the tens digit of k?
0
What is the units digit of 20/(380/(-128003))*(-1 + 0)?
7
Suppose 4*y + 169 = 845. Suppose 2*m - 23 = -117. Let s = y + m. What is the tens digit of s?
2
Let z(t) = -t**3 - 7*t**2 - 38*t + 13. What is the units digit of z(-21)?
5
Let v(i) = 2*i**2 + 7*i - 1. Let c be v(-3). Let p(n) = -6*n**3 - 5*n**2 - 5*n + 9. What is the hundreds digit of p(c)?
3
Let q(c) = 11*c**2 + 15*c + 101. Let h be q(-8). Let i = 339 + h. What is the thousands digit of i?
1
What is the tens digit of (15 + -30)*-999 - -22?
0
Suppose 246*o - 5440 = 242*o. Suppose 512 = 8*v - o. What is the tens digit of v?
3
Let i(g) = -4*g**3 - 26*g**2 - 25*g + 205. What is the hundreds digit of i(-20)?
3
Let k be ((-2)/3)/(28/(-22008)). Suppose 4*v = m + v - 262, -2*m = -5*v - k. What is the units digit of m?
2
Let n be (11 - (-30)/(-6)) + -1*3. Suppose 0 = -5*x - n*y + 120, x - 2*x + 24 = -2*y. What is the units digit of ((-67)/2)/((-100)/x - -4)?
1
Let k be 1/(-2) + 806/4 + 3. Let p be k - (3 - (3 + 1)). Let l = p - 41. What is the hundreds digit of l?
1
Let n(j) be the second derivative of 13/6*j**3 - 7/12*j**4 - 37/2*j**2 + 28*j + 1/20*j**5 + 0. What is the units digit of n(7)?
4
Suppose 0 = 5*i - 3*a + 66 - 4014, 0 = -2*i - 8*a + 1570. What is the hundreds digit of i?
7
Suppose 3*k = 2*k - 4*r - 10, -5*k + 2*r - 160 = 0. What is the hundreds digit of ((48/k)/(-2))/(1/270)?
2
Let o(y) be the first derivative of y**5/20 - 3*y**4/4 - 11*y**2/2 - 12*y + 2. Let m(u) be the first derivative of o(u). What is the hundreds digit of m(11)?
2
Let p(s) = 140*s + 1019. What is the tens digit of p(41)?
5
Let y be (-26)/(-8) + -3 - 51474/(-24). Suppose y = 3*i + 8*i. Suppose -199*q + i*q + 644 = 0. What is the tens digit of q?
6
Let p(j) = -7*j + 259. Suppose -2*n = 0, 0 = 2*g + 2*n + 3 - 15. What is the units digit of p(g)?
7
Suppose 0 = -2*y + 16, -5*s - 34536 = 2*y - 129322. What is the ten thousands digit of s?
1
Let i be 4/(-36)*-100 - (-8)/(-72). Suppose -5*f - i*a + 5560 = -6*a, -5*a = -f + 1124. What is the hundreds digit of f?
1
Let u = -14651 + 28543. What is the ten thousands digit of u?
1
Suppose -42*l + 402 = 66. Suppose l*v - 1034 = 38. What is the hundreds digit of v?
1
Suppose 3*m - 15443 = 4*x, 5*m + 10302 = 7*m + 4*x. What is the units digit of m/5 + (-32)/(-160)?
0
Let d(w) = -6*w - 76. Let g be d(-13). What is the units digit of g + 2 + -3 - (0 - 675)?
6
Let n(y) = -9*y + 253*y - 22 - 14 - 44 - 51*y. What is the hundreds digit of n(2)?
3
Let u(y) = 370*y + 38. Let f be (-26)/182 - (-22)/7. What is the units digit of u(f)?
8
Let a(n) = 19*n**2 + 19*n + 106. Let x(u) = -18*u**2 - 19*u - 107. Let b(z) = -4*a(z) - 5*x(z). What is the tens digit of b(-6)?
0
Let q(c) = 2*c**3 + 37*c**2 + 26*c + 51. Let o be q(-16). Let n = o + -536. What is the tens digit of n?
7
What is the units digit of 219/((-460)/(-448) + -1)?
6
Let l(s) = 196*s + 518. What is the thousands digit of l(39)?
8
Let o = 188 - 183. Suppose 0 = -5*q - 2*p + 3331, 0 = -45*q + 48*q + o*p - 2010. What is the hundreds digit of q?
6
Let k(x) = -x**3 - 36*x**2 - 64*x + 140. Let u be k(-34). Let z(a) be the first derivative of 47*a**2/2 + 7*a + 5. What is the hundreds digit of z(u)?
1
Let d = -970 + 558. Let m = 33 - d. What is the tens digit of m?
4
Suppose 1364352 = -318*h + 350*h. What is the ten thousands digit of h?
4
Suppose -5*a = 4*p - 50838, 5*p + 10*a - 5*a - 63550 = 0. Suppose p + 5880 = 14*c. What is the thousands digit of c?
1
Let s be ((-1155)/(-6) + -3)/(2/4). Suppose 705 = 2*g - s. What is the tens digit of g?
4
Let c(d) = 6*d**2 + 3*d - 4. Let b be c(1). Suppose -r + 3210 = b*o, -r - 1345 = -4*o + 1232. What is the hundreds digit of o?
6
Suppose 0 = -15*t - 22692 + 5955 + 123627. What is the tens digit of t?
2
Let o be -766*(-6)/(-10)*(-10)/4. Suppose -5*b = 4*k - 2838, -6*k + o = 2*b - 9*k. What is the tens digit of b?
7
Let z = 227 - 223. What is the hundreds digit of (-6410)/(-15) + z + (-2)/6?
4
Let q(t) = 315*t**2 - 7*t + 6. Suppose -19*h + 6 = -13*h. What is the units digit of q(h)?
4
Let p = 6 - -9. Suppose p = -c + 4*c. Suppose -1130 = c*l - 15*l. What is the tens digit of l?
1
Let j = 63 - 59. Suppose 5016 + 1968 = j*h + 5*y, 0 = 5*h + 4*y - 8730. What is the units digit of h?
6
Let u(t) = -12*t - 3. Let m = -39 - -12. Let d = 26 + m. What is the units digit of u(d)?
9
Let v = 11 + -5. Let k(r) = 9*r**2 - r. Let i be k(-4). What is the units digit of (-6 + 9)*i/v?
4
Let b(a) = -7*a - 4. Let p be b(3). Let f = p - -18. What is the units digit of (f - -5) + -1 + 42?
9
Let a(i) = -272*i + 1714. Let t be a(5). Let z = -7 + 10. Suppose -3*s = z*s - t. What is the tens digit of s?
5
Let i(g) be the second derivative of 5*g**4/24 - 5*g**3/2 + g**2 - 16*g. Let q(m) be the first derivative of i(m). What is the units digit of q(11)?
0
Suppose 43*m = 891833 + 193917. What is the ten thousands digit of m?
2
Let k(n) = n**3 - n**2 - 4*n - 8. Let s be k(-2). Suppose 8*f = 6*f + 88. Let i = f + s. What is the tens digit of i?
3
Let n(l) = 67 + 61 - 138 + l**2 - 2*l. Let i be n(5). Suppose i*w - 432 = 3*w. What is the tens digit of w?
1
Let c be (-756)/(-30)*(-15)/(-9). Suppose -3*k - 19 = -d - d, -4*k = 3*d + 31. Let s = c + k. What is the tens digit of s?
3
Let v = 8 - 6. What is the units digit of v/3*2316/4?
6
Let u be 291/(4*(-45)/(-60)). Suppose -2 = -2*n + 2. Suppose 127 = n*f - u. What is the hundreds digit of f?
1
Suppose -1823060 = 59*l - 6654806. What is the tens digit of l?
9
Let g(s) = -s**2 + 2*s - 39. Let j be g(9). Let t = j - -121. What is the units digit of t?
9
Let h = -45 + -10. Let l be (-5)/(h/(-46)) + 4/22. What is the hundreds digit of (0 + 217)/((-2)/l*2)?
2
Let u = 297 - 297. Suppose -4*d - g + 3607 = -u*g, 4*d - 3602 = -2*g. What is the units digit of d?
3
Let h(x) = 12*x - 3. Suppose 4*j - 45 = 5*p, 3*j - 4*p = 7 + 28. Suppose 0 = -j*s + 4*s + 1. What is the units digit of h(s)?
9
Let l(f) = -2*f + 20. Let s be l(10). Suppose s = -6*q + 5*q + 453. What is the units digit of q?
3
Let v(k) = 89*k + 28. Let x(i) = -359*i - 111. Let t(o) = 9*v(o) + 2*x(o). What is the tens digit of t(6)?
2
Suppose -12*u - 66 = -6*u. Let r be 11/u - 1*-9. Let y = r + 4. What is the tens digit of y?
1
Suppose 6383 - 22542 = -13*p. What is the hundreds digit of p?
2
Let q(l) = -8*l**2 - 369*l + 84. What is the units digit of q(-41)?
5
Let j(s) = 43*s**2 - 19*s - 6. Let a be j(-8). Suppose 3*q = 10*q - a. What is the units digit of q?
4
Let z = 23649 - 5577. What is the units digit of z?
2
Let z = -241 + 358. Suppose -5*f - 718 = -3*r + z, -2*f = 5*r - 1371. What is the tens digit of r?
7
Let q be -2 - 54656/(-26) - (-2)/(-13). Suppose 5*v = -3*c + 1232, 5*c - 3*v - q = -2*v. What is the units digit of c?
9
Let k(d) = -101*d - 119. Let h be k(7). What is the units digit of ((-778)/6)/(h/(-84) - 10)?
8
Suppose 10*k = -80*k + 335430. What is the hundreds digit of k?
7
Let t = 402 + -195. Let m be 4/6 + t/(-27). Let w(y) = -11*y + 13. What is the units digit of w(m)?
0
Let q be (